test common factor of a and 450?
9
Let o = 257 + -244. What is the greatest common factor of 169 and o?
13
Let w be ((-238)/102)/(2*3/(-54)). Let c = 82 + 21. Suppose -80 = -3*a + 3*p + c, -3*p - 246 = -4*a. Calculate the highest common divisor of w and a.
21
Let x = -13 - -34. Let p = x + -1. Suppose -2*g + 48 = 2*i, -5*i + 0*i + 3*g = -88. Calculate the highest common factor of i and p.
20
Suppose 0 = -2*z + 4*d - 0 - 26, -4*z = -d + 59. Let x = 12 + z. Let n(v) = -2*v - 4. Let h be n(x). What is the highest common factor of h and 3?
1
Let m = 114 - 19. Suppose 9*o = 16*o - 35. Calculate the highest common factor of m and o.
5
Suppose 0 = -4*j - 4*s + 16, -3*j + 4*s + 7 = 2. Suppose 0 = -j*q + 6*q - 60. Calculate the greatest common factor of 220 and q.
20
Let f = 22 - 6. Let r = 84 - 147. Let c be (-990)/r + (-4)/(-14). What is the highest common factor of f and c?
16
Suppose 11*x = 16*x - 15. Suppose x*p - 97 = -6*j + j, 4*p = 4*j - 84. What is the highest common factor of j and 60?
20
Let j be 15 + (2 + -2)/2. Suppose 4*x + 178 = 5*u, u - x = -5*x + 50. Suppose 14*k = u + 4. What is the greatest common divisor of k and j?
3
Let k be ((-336)/(-40))/(4/10). Let b = 529 - 298. Calculate the greatest common factor of k and b.
21
Let i(h) = h - 13. Let z be i(25). What is the greatest common factor of 8 and z?
4
Suppose -26 = -2*w - 2*x + x, -w - x + 14 = 0. Let v = w - 12. Suppose v = -2*y + 4 + 12. Calculate the greatest common divisor of y and 24.
8
Suppose 2*g + 111 = -g. Let v(s) = 2*s - 4. Let q be v(-9). Let f = q - g. Calculate the greatest common factor of 120 and f.
15
Let o(j) = -5*j + j**3 + 18 - 2*j - 39 + 6*j**2. Let d be o(-6). What is the greatest common divisor of 6 and d?
3
Suppose 0 = -178*w + 182*w - 588. What is the greatest common factor of w and 9?
3
Let x(d) = 19*d - 13. Let l be x(7). Suppose -5*y = y + l. Let r be ((-16)/y)/(6/45). What is the highest common factor of r and 9?
3
Let s = -15 + 17. Suppose k + 14 = s*l + 3*k, 2*l - 2*k + 2 = 0. Calculate the highest common divisor of l and 3.
3
Suppose 2*r - 5*i - 40 = 0, r + i - 41 + 14 = 0. Calculate the greatest common divisor of 125 and r.
25
Let s(c) = c + 28. Let l be s(-9). Let y = 21 - l. Suppose 0*n = n - 2*g - 9, -g - 27 = -y*n. Calculate the greatest common factor of 5 and n.
5
Let v(o) = -68*o + 689. Let s be v(9). What is the highest common divisor of s and 2387?
77
Let b(f) = 2*f**2 - 9*f + 2. Let o be b(6). What is the highest common factor of o and 5?
5
Suppose 3*f - 3*y = -2*f - 213, 4*f + 5*y = -163. Let n = 69 + f. Suppose -12 - 49 = -2*p + 5*v, p = 5*v + 43. Calculate the greatest common divisor of p and n.
9
Let g be 6 - 20/4 - -32. Calculate the highest common factor of 22 and g.
11
Let v(f) = f**3 + 9*f**2 - 12*f + 8. Let l be v(-10). Let a be (7/(-2))/(l/(-56)). Calculate the highest common factor of a and 112.
7
Let k = 38 + -27. Let c = -10 + k. Suppose 5*l + o = 297, -l + 3*o - c = -70. Calculate the highest common factor of l and 12.
12
Let v(p) = 305*p - 75. Let i be v(1). Calculate the greatest common divisor of 10 and i.
10
Suppose -5*r + 4*l = -86, 2*r + 1 = 4*l + 33. Calculate the greatest common divisor of r and 48.
6
Let b(p) = p**3 - 4*p**2 + 3*p - 15. Let t be b(7). Suppose -114 = -3*g - 5*h, 5*g + 3*h = 7*h + t. Calculate the greatest common divisor of 297 and g.
33
Suppose 2*j + 1 = 5, d - 3*j = 0. Calculate the greatest common divisor of d and 1.
1
Let z be (66/(-121))/(10/(-165)). What is the highest common factor of z and 225?
9
Suppose 34*n + 3639 - 47839 = 0. What is the greatest common divisor of 100 and n?
100
Suppose 8*q - 3 = 5*q. Suppose q = -v + 18. Suppose 35 = 2*w - v. What is the highest common factor of 104 and w?
26
Suppose 93 = 3*t - 798. What is the highest common factor of t and 54?
27
Suppose -4*x - 2*f - 4 = 0, 0 = -3*x - x - 5*f - 16. Let p be 128/12 + (-2)/3. What is the highest common divisor of p and x?
1
Let u be 2/5 + (-663)/(-5). Let b be ((-8)/(-12))/(4/(-6)). Let s be 10 - 280/(-32) - b/4. What is the highest common factor of s and u?
19
Suppose -3*v - 3*z + 63 = 0, -30 = -v - 0*v + 2*z. Calculate the greatest common factor of 240 and v.
24
Let j = 360 - 358. What is the highest common factor of j and 6?
2
Let q(a) = 2*a. Let s be q(6). Let c = -11 + s. Let h be c + 1 + 10 + 1. What is the greatest common factor of h and 26?
13
Let k(c) = -c**2 - 7 - 13*c - 17*c - 2 + 18*c. Let w be k(-8). Calculate the highest common divisor of w and 207.
23
Let q(o) = o**2 - 1. Let j be q(-2). Suppose -50 = -5*k - 2*c, 2*k + j*c = 4*k - 1. Let f = -1 + k. Calculate the greatest common factor of f and 56.
7
Let j(p) be the third derivative of p**6/120 - 2*p**5/15 + 3*p**4/8 - 5*p**3/3 + 14*p**2. Let u be j(7). What is the highest common factor of 10 and u?
2
Let x(a) = 6*a + 13. Let t be x(-8). Let d be (-14)/t - (476/(-10) - 2). What is the greatest common factor of d and 25?
25
Suppose v - 4*w + 53 = 0, 4*w - 4 = 4*v + 160. Let f = v + 45. What is the highest common factor of 64 and f?
8
Let c = 11 + -1. Let f(v) = v**3 - 9*v**2 + 11*v - 12. Let s be f(c). Suppose 5*u + b = 88, 43 + 3 = 2*u - 5*b. What is the greatest common divisor of u and s?
18
Let c be 5 + 1*(2 + -3). Suppose c*j - 2*o - 76 = 0, -5*j = -2*o - 125 + 30. Calculate the greatest common factor of j and 133.
19
Let z = -71 - -75. Suppose 0*o - 5*o + 275 = z*x, 5*o = 3*x + 240. What is the highest common divisor of 17 and o?
17
Let v be -22*(-8 - -3 - (5 - 8)). Calculate the greatest common factor of 4 and v.
4
Suppose -11*l - 29 = -12*l. What is the highest common divisor of 29 and l?
29
Let l = 2282 - 1341. Let i = 2377 + l. Let k be 4/14 - i/(-49). Calculate the greatest common factor of k and 17.
17
Let g = -816 - -1200. Calculate the highest common factor of g and 48.
48
Suppose 4*g - 8*g + 96 = 0. Suppose -a = -4*a + 27. Let s = a - 1. Calculate the greatest common divisor of g and s.
8
Suppose 0 = 25*k - 15*k - 1260. Calculate the highest common divisor of 14 and k.
14
Let l(p) = p**2 - 30*p - 158. Let i be l(35). Suppose 8 = 2*o - 230. What is the highest common divisor of i and o?
17
Suppose o - f - 30 = 0, -2*o - 5*f + 48 = -33. Let j = 22 + -17. Suppose j*d + 2 = 57. Calculate the highest common divisor of d and o.
11
Suppose -104 = -5*o - p + 824, 0 = 3*p - 9. Calculate the greatest common divisor of o and 74.
37
Suppose -8*c - 105 - 111 = 0. Let s be 1548/324 - 2/c*3. Calculate the greatest common factor of 45 and s.
5
Let f = 437 - 412. Let p = 21 - 13. Suppose -i + p = 3. Calculate the greatest common divisor of f and i.
5
Suppose 3*b = -2*b + 15. Let a(s) = 13*s + 143. Let c be a(-8). What is the highest common divisor of b and c?
3
Let l be ((-4)/2)/(-2) - -25. Let w(i) = -110*i**2 - 670*i - 21. Let f be w(-6). What is the greatest common factor of f and l?
13
Suppose q - 5*o + 1 = -0*o, 9 = q + 5*o. Suppose -4*s - 3 = 5*x - 9, 0 = -q*s - 4. Suppose 0 = 3*n + 2*n - 10. What is the greatest common factor of n and x?
2
Suppose 5*s + 5*f - 620 = 0, -4*s = -f + 2*f - 493. Let n = s - 67. What is the greatest common divisor of n and 14?
14
Let m(l) = 19*l - 70. Let t be m(5). What is the highest common factor of t and 35?
5
Let c be (-5)/(-20) + (-167)/(-4). Let v = 9 + 5. What is the greatest common divisor of v and c?
14
Suppose -19 = -3*g - 7. Let y be (-132)/(-6) + g/(-1). Let c(q) = -q**2 - 6*q + 7. Let k be c(-5). What is the highest common factor of y and k?
6
Suppose 0 = 5*x - 3*w - 181, -3*w - 86 - 60 = -4*x. Calculate the greatest common factor of 875 and x.
35
Let g be 1*(1 + -3 - -17). Let j be 336/g + 2/(-5). Let k(x) = x**2 - 15*x - 23. Let n be k(17). Calculate the greatest common divisor of j and n.
11
Let j(m) = 33*m**2 + 2*m - 9. Let t be j(2). Suppose -7*k + 146 = -t. What is the highest common factor of 195 and k?
39
Let m = 12 - 16. Let a be (18/m + 3)*-112. Let q = a + -42. Calculate the greatest common divisor of q and 18.
18
Let w(l) = -l**2 - 4*l - 2. Let s be w(-3). Suppose 0 = -0*u + 3*u + 36. Let h be (-2)/(u/15)*2. Calculate the highest common factor of s and h.
1
Suppose -7*m - 17 = -206. Let c(r) = 6*r - 51. Let i be c(9). Calculate the greatest common divisor of m and i.
3
Let m(v) = -3*v**3 - 26*v**2 + 